{"id":451,"date":"2025-07-15T15:37:02","date_gmt":"2025-07-15T13:37:02","guid":{"rendered":"https:\/\/nutripro.space\/karlsruhe\/?page_id=451"},"modified":"2026-01-26T20:35:24","modified_gmt":"2026-01-26T18:35:24","slug":"datenschutz","status":"publish","type":"page","link":"https:\/\/nutripro.space\/karlsruhe\/datenschutz\/","title":{"rendered":"Datenschutz"},"content":{"rendered":"\t\t<div data-elementor-type=\"wp-page\" data-elementor-id=\"451\" class=\"elementor elementor-451\" data-elementor-post-type=\"page\">\n\t\t\t\t<div class=\"elementor-element elementor-element-37c06cf e-flex e-con-boxed e-con e-parent\" data-id=\"37c06cf\" data-element_type=\"container\">\n\t\t\t\t\t<div class=\"e-con-inner\">\n\t\t<div class=\"elementor-element elementor-element-de45d2a e-con-full e-flex e-con e-child\" data-id=\"de45d2a\" data-element_type=\"container\">\n\t\t\t\t<div class=\"elementor-element elementor-element-94423af elementor-widget__width-initial elementor-widget elementor-widget-heading\" data-id=\"94423af\" data-element_type=\"widget\" data-widget_type=\"heading.default\">\n\t\t\t\t<div class=\"elementor-widget-container\">\n\t\t\t\t\t<h2 class=\"elementor-heading-title elementor-size-default\">Datenschutzerkl\u00e4rung<\/h2>\t\t\t\t<\/div>\n\t\t\t\t<\/div>\n\t\t\t\t<div class=\"elementor-element elementor-element-a180ebd elementor-widget elementor-widget-text-editor\" data-id=\"a180ebd\" data-element_type=\"widget\" data-widget_type=\"text-editor.default\">\n\t\t\t\t<div class=\"elementor-widget-container\">\n\t\t\t\t\t\t\t\t\t<p><strong>Erkl\u00e4rung zur Informationspflicht<\/strong><br \/>Der Schutz Ihrer pers\u00f6nlichen Daten ist uns ein besonderes Anliegen. Wir verarbeiten Ihre Daten daher ausschlie\u00dflich auf Grundlage der gesetzlichen Bestimmungen (DSGVO, TKG 2003). In diesen Datenschutzinformationen informieren wir Sie \u00fcber die wichtigsten Aspekte der Datenverarbeitung im Rahmen unserer Website.<\/p><p>Wir weisen darauf hin, dass die internetbasierte Daten\u00fcbertragung Sicherheitsl\u00fccken aufweist, ein l\u00fcckenloser Schutz vor Zugriffen durch Dritte somit unm\u00f6glich ist.<\/p><p><strong>Kontakt mit uns<\/strong><br \/>Wir bieten Ihnen auf unserer Seite die M\u00f6glichkeit, mit uns per E-Mail und \u00fcber ein Kontaktformular in Verbindung zu treten. In diesem Fall werden die vom Nutzer gemachten Angaben zum Zwecke der Bearbeitung seiner Kontaktaufnahme gespeichert. Eine Weitergabe an Dritte erfolgt nicht. Ein Abgleich der so erhobenen Daten mit Daten, die m\u00f6glicherweise durch andere Komponenten unserer Seite erhoben werden, erfolgt ebenfalls nicht. Nehmen Sie Kontakt per E-Mail oder Kontaktformular mit uns auf, so speichern wir Ihre Daten f\u00fcr 5 Jahre nach dem Ende unserer aktiven Kommunikationsbeziehung und l\u00f6schen die Daten anschlie\u00dfend zum Ende des jeweiligen Jahres.<\/p><p><strong>Ihre Rechte<\/strong><br \/>Ihnen stehen bez\u00fcglich Ihrer bei uns gespeicherten Daten grunds\u00e4tzlich die Rechte auf Auskunft, Berichtigung, L\u00f6schung, Einschr\u00e4nkung, Daten\u00fcbertragbarkeit, Widerruf und Widerspruch zu. Wenn Sie glauben, dass die Verarbeitung Ihrer Daten gegen das Datenschutzrecht verst\u00f6\u00dft oder Ihre datenschutzrechtlichen Anspr\u00fcche sonst in einer Weise verletzt worden sind, k\u00f6nnen Sie sich bei uns\u00a0<a href=\"mailto:info@ladylike.fitness\">info@nutripro.at<\/a>\u00a0oder der Datenschutzbeh\u00f6rde beschweren.<\/p><p data-start=\"148\" data-end=\"162\"><strong>Newsletter<br \/><\/strong>Wenn Sie sich f\u00fcr unseren Newsletter anmelden, verarbeiten wir Ihren Namen und Ihre E-Mail-Adresse, um Ihnen regelm\u00e4\u00dfig Informationen zu unseren Angeboten, Workshops, Rezepten und Neuigkeiten zuzusenden. Die Verarbeitung erfolgt ausschlie\u00dflich auf Grundlage Ihrer Einwilligung gem\u00e4\u00df Art. 6 Abs. 1 lit. a DSGVO. Sie k\u00f6nnen Ihre Einwilligung jederzeit widerrufen \u2013 am einfachsten \u00fcber den \u201eAbmelden\u201c-Link im Newsletter.<br data-start=\"638\" data-end=\"641\" \/>Nach Ihrer Abmeldung werden Ihre Daten innerhalb von 30 Tagen aus dem Newsletter-Verteiler gel\u00f6scht, sofern keine gesetzlichen Aufbewahrungspflichten bestehen.<\/p><p><strong>Sie erreichen uns unter folgenden Kontaktdaten:<\/strong><br \/>Telefon: <span class=\"a_GcMg font-feature-liga-off font-feature-clig-off font-feature-calt-off font-size-modifier text-decoration-none text-strikethrough-none\">+49<span class=\"a_GcMg font-feature-liga-off font-feature-clig-off font-feature-calt-off text-decoration-none text-strikethrough-none\"> 174 2025004<\/span><\/span><br \/>E-Mail: <a href=\"mailto:info@ladylike.fitness\">lisa@nutripro.at<\/a><\/p>\t\t\t\t\t\t\t\t<\/div>\n\t\t\t\t<\/div>\n\t\t\t\t<\/div>\n\t\t\t\t\t<\/div>\n\t\t\t\t<\/div>\n\t\t\t\t<\/div>\n\t\t","protected":false},"excerpt":{"rendered":"<p>Datenschutzerkl\u00e4rung Erkl\u00e4rung zur InformationspflichtDer Schutz Ihrer pers\u00f6nlichen Daten ist uns ein besonderes Anliegen. Wir verarbeiten Ihre Daten daher ausschlie\u00dflich auf Grundlage der gesetzlichen Bestimmungen (DSGVO, TKG 2003). In diesen Datenschutzinformationen informieren wir Sie \u00fcber die wichtigsten Aspekte der Datenverarbeitung im Rahmen unserer Website. Wir weisen darauf hin, dass die internetbasierte Daten\u00fcbertragung Sicherheitsl\u00fccken aufweist, ein l\u00fcckenloser [&hellip;]<\/p>\n","protected":false},"author":3,"featured_media":0,"parent":0,"menu_order":0,"comment_status":"closed","ping_status":"closed","template":"","meta":{"footnotes":""},"class_list":["post-451","page","type-page","status-publish","hentry"],"yoast_head":"<!-- This site is optimized with the Yoast SEO plugin v26.1.1 - https:\/\/yoast.com\/wordpress\/plugins\/seo\/ -->\n<title>Datenschutz - NutriPro - Deine Ern\u00e4hrungsberatung in Karlsruhe<\/title>\n<meta name=\"robots\" content=\"noindex, nofollow\" \/>\n<meta property=\"og:locale\" content=\"de_DE\" \/>\n<meta property=\"og:type\" content=\"article\" \/>\n<meta property=\"og:title\" content=\"Datenschutz - NutriPro - Deine Ern\u00e4hrungsberatung in Karlsruhe\" \/>\n<meta property=\"og:description\" content=\"Datenschutzerkl\u00e4rung Erkl\u00e4rung zur InformationspflichtDer Schutz Ihrer pers\u00f6nlichen Daten ist uns ein besonderes Anliegen. Wir verarbeiten Ihre Daten daher ausschlie\u00dflich auf Grundlage der gesetzlichen Bestimmungen (DSGVO, TKG 2003). In diesen Datenschutzinformationen informieren wir Sie \u00fcber die wichtigsten Aspekte der Datenverarbeitung im Rahmen unserer Website. Wir weisen darauf hin, dass die internetbasierte Daten\u00fcbertragung Sicherheitsl\u00fccken aufweist, ein l\u00fcckenloser [&hellip;]\" \/>\n<meta property=\"og:url\" content=\"https:\/\/nutripro.space\/karlsruhe\/datenschutz\/\" \/>\n<meta property=\"og:site_name\" content=\"NutriPro - Deine Ern\u00e4hrungsberatung in Karlsruhe\" \/>\n<meta property=\"article:modified_time\" content=\"2026-01-26T18:35:24+00:00\" \/>\n<meta name=\"twitter:card\" content=\"summary_large_image\" \/>\n<meta name=\"twitter:label1\" content=\"Gesch\u00e4tzte Lesezeit\" \/>\n\t<meta name=\"twitter:data1\" content=\"2\u00a0Minuten\" \/>\n<script type=\"application\/ld+json\" class=\"yoast-schema-graph\">{\"@context\":\"https:\/\/schema.org\",\"@graph\":[{\"@type\":\"WebPage\",\"@id\":\"https:\/\/nutripro.space\/karlsruhe\/datenschutz\/\",\"url\":\"https:\/\/nutripro.space\/karlsruhe\/datenschutz\/\",\"name\":\"Datenschutz - NutriPro - Deine Ern\u00e4hrungsberatung in Karlsruhe\",\"isPartOf\":{\"@id\":\"https:\/\/nutripro.space\/karlsruhe\/#website\"},\"datePublished\":\"2025-07-15T13:37:02+00:00\",\"dateModified\":\"2026-01-26T18:35:24+00:00\",\"breadcrumb\":{\"@id\":\"https:\/\/nutripro.space\/karlsruhe\/datenschutz\/#breadcrumb\"},\"inLanguage\":\"de\",\"potentialAction\":[{\"@type\":\"ReadAction\",\"target\":[\"https:\/\/nutripro.space\/karlsruhe\/datenschutz\/\"]}]},{\"@type\":\"BreadcrumbList\",\"@id\":\"https:\/\/nutripro.space\/karlsruhe\/datenschutz\/#breadcrumb\",\"itemListElement\":[{\"@type\":\"ListItem\",\"position\":1,\"name\":\"Startseite\",\"item\":\"https:\/\/nutripro.space\/karlsruhe\/\"},{\"@type\":\"ListItem\",\"position\":2,\"name\":\"Datenschutz\"}]},{\"@type\":\"WebSite\",\"@id\":\"https:\/\/nutripro.space\/karlsruhe\/#website\",\"url\":\"https:\/\/nutripro.space\/karlsruhe\/\",\"name\":\"NutriPro - Deine Ern\u00e4hrungsberatung in Karlsruhe\",\"description\":\"Deine Begleitung f\u00fcr gesundes Abnehmen, Ern\u00e4hrung &amp; Wohlf\u00fchlgewicht\",\"potentialAction\":[{\"@type\":\"SearchAction\",\"target\":{\"@type\":\"EntryPoint\",\"urlTemplate\":\"https:\/\/nutripro.space\/karlsruhe\/?s={search_term_string}\"},\"query-input\":{\"@type\":\"PropertyValueSpecification\",\"valueRequired\":true,\"valueName\":\"search_term_string\"}}],\"inLanguage\":\"de\"}]}<\/script>\n<!-- \/ Yoast SEO plugin. -->","yoast_head_json":{"title":"Datenschutz - NutriPro - Deine Ern\u00e4hrungsberatung in Karlsruhe","robots":{"index":"noindex","follow":"nofollow"},"og_locale":"de_DE","og_type":"article","og_title":"Datenschutz - NutriPro - Deine Ern\u00e4hrungsberatung in Karlsruhe","og_description":"Datenschutzerkl\u00e4rung Erkl\u00e4rung zur InformationspflichtDer Schutz Ihrer pers\u00f6nlichen Daten ist uns ein besonderes Anliegen. Wir verarbeiten Ihre Daten daher ausschlie\u00dflich auf Grundlage der gesetzlichen Bestimmungen (DSGVO, TKG 2003). In diesen Datenschutzinformationen informieren wir Sie \u00fcber die wichtigsten Aspekte der Datenverarbeitung im Rahmen unserer Website. Wir weisen darauf hin, dass die internetbasierte Daten\u00fcbertragung Sicherheitsl\u00fccken aufweist, ein l\u00fcckenloser [&hellip;]","og_url":"https:\/\/nutripro.space\/karlsruhe\/datenschutz\/","og_site_name":"NutriPro - Deine Ern\u00e4hrungsberatung in Karlsruhe","article_modified_time":"2026-01-26T18:35:24+00:00","twitter_card":"summary_large_image","twitter_misc":{"Gesch\u00e4tzte Lesezeit":"2\u00a0Minuten"},"schema":{"@context":"https:\/\/schema.org","@graph":[{"@type":"WebPage","@id":"https:\/\/nutripro.space\/karlsruhe\/datenschutz\/","url":"https:\/\/nutripro.space\/karlsruhe\/datenschutz\/","name":"Datenschutz - NutriPro - Deine Ern\u00e4hrungsberatung in Karlsruhe","isPartOf":{"@id":"https:\/\/nutripro.space\/karlsruhe\/#website"},"datePublished":"2025-07-15T13:37:02+00:00","dateModified":"2026-01-26T18:35:24+00:00","breadcrumb":{"@id":"https:\/\/nutripro.space\/karlsruhe\/datenschutz\/#breadcrumb"},"inLanguage":"de","potentialAction":[{"@type":"ReadAction","target":["https:\/\/nutripro.space\/karlsruhe\/datenschutz\/"]}]},{"@type":"BreadcrumbList","@id":"https:\/\/nutripro.space\/karlsruhe\/datenschutz\/#breadcrumb","itemListElement":[{"@type":"ListItem","position":1,"name":"Startseite","item":"https:\/\/nutripro.space\/karlsruhe\/"},{"@type":"ListItem","position":2,"name":"Datenschutz"}]},{"@type":"WebSite","@id":"https:\/\/nutripro.space\/karlsruhe\/#website","url":"https:\/\/nutripro.space\/karlsruhe\/","name":"NutriPro - Deine Ern\u00e4hrungsberatung in Karlsruhe","description":"Deine Begleitung f\u00fcr gesundes Abnehmen, Ern\u00e4hrung &amp; Wohlf\u00fchlgewicht","potentialAction":[{"@type":"SearchAction","target":{"@type":"EntryPoint","urlTemplate":"https:\/\/nutripro.space\/karlsruhe\/?s={search_term_string}"},"query-input":{"@type":"PropertyValueSpecification","valueRequired":true,"valueName":"search_term_string"}}],"inLanguage":"de"}]}},"_links":{"self":[{"href":"https:\/\/nutripro.space\/karlsruhe\/wp-json\/wp\/v2\/pages\/451","targetHints":{"allow":["GET"]}}],"collection":[{"href":"https:\/\/nutripro.space\/karlsruhe\/wp-json\/wp\/v2\/pages"}],"about":[{"href":"https:\/\/nutripro.space\/karlsruhe\/wp-json\/wp\/v2\/types\/page"}],"author":[{"embeddable":true,"href":"https:\/\/nutripro.space\/karlsruhe\/wp-json\/wp\/v2\/users\/3"}],"replies":[{"embeddable":true,"href":"https:\/\/nutripro.space\/karlsruhe\/wp-json\/wp\/v2\/comments?post=451"}],"version-history":[{"count":22,"href":"https:\/\/nutripro.space\/karlsruhe\/wp-json\/wp\/v2\/pages\/451\/revisions"}],"predecessor-version":[{"id":846,"href":"https:\/\/nutripro.space\/karlsruhe\/wp-json\/wp\/v2\/pages\/451\/revisions\/846"}],"wp:attachment":[{"href":"https:\/\/nutripro.space\/karlsruhe\/wp-json\/wp\/v2\/media?parent=451"}],"curies":[{"name":"wp","href":"https:\/\/api.w.org\/{rel}","templated":true}]}}